1940. What are the prime factors of q?
7, 173
Suppose -4*u - 36*u + 56480 = 0. What are the prime factors of u?
2, 353
Let w(r) = -6 + 17 - 12 + 33*r. What are the prime factors of w(1)?
2
Let q be (0 - 15)*4/(-6). Let s(u) = -u**3 + 10*u**2 + 2*u + 5. List the prime factors of s(q).
5
Let j = 25 - 23. Suppose -3*z - l = -18, j*z = -z + 2*l + 9. Suppose -2*m + 0*m + 10 = -r, -3*m = -z*r - 1. List the prime factors of m.
7
Let z(h) = h**3 + 10*h**2 + 6. What are the prime factors of z(-8)?
2, 67
Suppose -4*o = -o - 15. Suppose -4*r + o = q - 7, -q - 2*r + 12 = 0. List the prime factors of q + (-4 - (0 + -4)).
2, 3
Let c(x) = -x**3 - 6*x**2 - 6*x + 7. Suppose 0*p - p = 6. What are the prime factors of c(p)?
43
Let v = -36 - -56. Suppose -v*c + 136 = -12*c. List the prime factors of c.
17
Let q(i) = 103*i**2 + 6*i + 73. What are the prime factors of q(7)?
2, 29, 89
Let t(x) = -x**3 + 377 - 406 - 22*x**2 - 7*x - 7*x. What are the prime factors of t(-22)?
3, 31
Suppose 4*p - 17 - 11 = 0. Let g(z) = z**2 - z - 1. Let t(b) = b**3 - 13*b - 13. Let m(n) = -5*g(n) + t(n). What are the prime factors of m(p)?
2, 17
Let c = -105 - -99. List the prime factors of (-10)/c + -2 + (-1443)/(-9).
2, 5
Let l(t) be the second derivative of -t**3/6 + 271*t**2/2 - 24*t. List the prime factors of l(0).
271
Suppose 5*q = k + 7677, 3*q - 6*q + 4597 = 4*k. What are the prime factors of q?
5, 307
Let n = -469 + 769. What are the prime factors of n?
2, 3, 5
Suppose 0 = 4*y - 3*u - 0*u - 4, 0 = -y - 5*u - 22. List the prime factors of (-2 - 95/y) + 5/10.
2, 23
Let u(m) = m**2 - 3*m - 21. Let k be u(-4). Let x(p) = -p**2 + 17*p + 3. What are the prime factors of x(k)?
73
Suppose 22*a = 18*a. List the prime factors of (-26)/4*(a + -10).
5, 13
List the prime factors of 288 + (0 - 6) + 3.
3, 5, 19
Suppose 2*n + 4 = 0, 0 = u + 4*n + 32 - 11. Let p = u - -17. Suppose -23 = -g + c, p*c - 8*c + 62 = 3*g. What are the prime factors of g?
2, 11
Let k = 336 + -81. Let s = k - 164. What are the prime factors of s?
7, 13
Let d(h) = 2*h + 22. Let r be d(-10). Suppose -r*i - 675 = -3*l + i, l - 219 = -5*i. What are the prime factors of l?
2, 7
Suppose 0 = -4*r + 4*g + 9572, 17*r - 12*r - 11973 = g. List the prime factors of r.
5, 479
Suppose 0 = 12*b - 55057 + 1405. What are the prime factors of b?
17, 263
Let y be -3*(14/6 + -3). Suppose 0*w + y*w = 20. Suppose 2*m - 6 = 0, p = -m + w + 17. List the prime factors of p.
2, 3
What are the prime factors of 177/1*(-67)/(-3)?
59, 67
Suppose 0*j - 5*j + 322 = 3*m, -m - 2*j = -106. List the prime factors of m.
2, 3, 19
Suppose 10 = t - 6*t, -t + 3088 = 5*a. List the prime factors of a.
2, 3, 103
Let f(i) = -2*i**2 - 11*i - 9. Let v be f(9). Let b = v + 577. List the prime factors of b.
307
Suppose -2143*d - 1150 = -2148*d. List the prime factors of d.
2, 5, 23
Let u be 8/(-2) + (-8)/4. Let m = u - -41. What are the prime factors of m?
5, 7
Let f = 21 - 18. Let t = 5 - f. Suppose -t = -4*z - 6, 2*v = -4*z + 24. What are the prime factors of v?
2, 7
Let r(l) = l**2 - 16. Let b be r(-8). Suppose 0 = -i - 9 - 12. Let z = i + b. List the prime factors of z.
3
What are the prime factors of 35365/10 + 5/(-10)?
2, 13, 17
What are the prime factors of (621/(-18))/((-15)/650)?
5, 13, 23
Let y(x) = x**3 - 17*x**2 + 6*x. Let l be y(17). Let i = l + 253. What are the prime factors of i?
5, 71
Suppose -24*g = -27*g + 315. What are the prime factors of 5*(3009/g + 6/42)?
2, 3
Let i = 18 + -12. Let x(q) = -q**3 + 2*q**2 + 13*q + 5. Let j(n) = -n**3 + 2*n**2 + 13*n + 4. Let g(w) = -5*j(w) + 4*x(w). List the prime factors of g(i).
2, 3, 11
Let z = 92 + -62. Let a = z + 10. Suppose f - a = -3*l, -3*f = 3*l - l - 29. What are the prime factors of l?
13
Let a(i) = 96*i**3 + 6*i**2 - 7*i - 1. List the prime factors of a(3).
2, 41
What are the prime factors of 8223*((-13)/(-65))/(6/10)?
2741
Let p be 10/(-30) - (0 + 20/(-6)). Suppose x = 4*u + 19, x = -p*u + 1 - 10. List the prime factors of x.
3
Suppose 0 = 51*n - 37*n - 7882. List the prime factors of n.
563
Suppose 4*w = 2*h - 245 - 2039, 3*h - 2*w = 3426. What are the prime factors of h?
2, 571
What are the prime factors of 33/(-11) - (3 - 1464)?
2, 3
List the prime factors of (2315/25)/(1*(-3)/(-15)).
463
Let a = 10 - 10. Suppose -45 = -2*g - a*g + 5*y, 5 = 3*g + 5*y. What are the prime factors of g?
2, 5
List the prime factors of 10/(40/(-12)) + 323.
2, 5
Suppose 56 + 1550 = 2*q. List the prime factors of q.
11, 73
Let b be (-1)/2 - (-15)/6. Suppose -3*r = b*r + 325. What are the prime factors of (-26)/r + 103/5?
3, 7
Let c = -85 - -82. What are the prime factors of 2 - (90/(-3) - c)?
29
Let t(d) = d**3 - 10*d**2 + 9*d + 2. Let j be t(9). Suppose -2*a = -6 + 14, -3*o = j*a - 184. List the prime factors of o.
2
Let l(y) = -y + 19. Let o be l(15). Suppose -4*u = -4*b - 4, o*u + 2*b - 2 = 7*b. Suppose 0 = -u*p + 7*p - 28. What are the prime factors of p?
7
Suppose -3*s = -t, 0*t + 8 = -2*t - 2*s. List the prime factors of (-1 + t)/(-4) - -28.
29
Let h(m) = 24*m - 5 + 73*m - 5 + 0. What are the prime factors of h(3)?
281
Let o(v) = v**3 - 5*v**2 - 9*v + 1. List the prime factors of o(7).
2, 3
Suppose 2*v - 550 = 2*u, -2*v + 2*u = u - 549. Suppose s - 205 = -3*n, 5*n - n - v = -2*s. List the prime factors of n.
2, 17
Suppose 7*k - 3*k - z = 2579, -4*z - 1918 = -3*k. What are the prime factors of k?
2, 17, 19
Let b(j) = -j**2 + 8*j + 12. Let l be b(8). Let w = l - 9. Suppose w*c - 156 = -c. List the prime factors of c.
3, 13
Let p(l) = 3*l + 21. Let t be p(-5). Let q(h) = 11*h - 18. What are the prime factors of q(t)?
2, 3
Let q = 190 - -349. List the prime factors of q.
7, 11
Suppose 0 = 5*z - 8 - 7. Suppose 3*i + 5*d - 54 = 0, -z*i + 2*d = -8*i + 109. Suppose -g = 3*c - 38, -3*c + 20 = 2*g - i. What are the prime factors of c?
11
Suppose 2*v + 4474 = 4*t, t + 2*v - 1121 = -0*v. What are the prime factors of t?
3, 373
Let z(d) = -10*d + 3. Let t be z(-1). Suppose 0 = -u - 5*g + 12 + t, 0 = -5*u - 5*g + 45. List the prime factors of u.
5
Let k = 9156 + -5834. List the prime factors of k.
2, 11, 151
Suppose 7*h - 22 = 5*h. Let p be (h/(-22))/((-2)/(-4)). List the prime factors of -1*-4*p/(-2).
2
Suppose f + 325 = 1087. List the prime factors of f.
2, 3, 127
Suppose -2*o = 5*m - 2463, -2*o + 1292 + 1162 = 2*m. What are the prime factors of o?
2, 3, 17
Suppose 8 = -3*a - 4. Let t(w) = 2*w**2 + 7*w + 5. List the prime factors of t(a).
3
Let z be -20*(-21)/(2 + 1). Suppose -3*s - s + 3*d + z = 0, -3*d + 35 = s. List the prime factors of s.
5, 7
Let c = 860 + -299. List the prime factors of c.
3, 11, 17
Suppose -t = 3*t - 4*u - 8, -5*u = -4*t + 6. Let g be 129/4 - 1/t. Let b = g + 5. What are the prime factors of b?
37
Suppose 12 = -3*m, 5*s + 5*m - 1804 = 86. List the prime factors of s.
2, 191
Suppose 4*u = -u + 3*y + 19, -5*y - 23 = -4*u. Suppose u*l - 21 = g, 5*g = -2*l - 0*g + 27. What are the prime factors of l?
11
Let f(c) = 6*c - 33. Let j be f(6). Suppose 4*v = -4*t + 872, -3*v + 633 = -j*t - t. What are the prime factors of v?
5, 43
Let c(b) be the second derivative of 23*b**3/6 - b**2 + 24*b. List the prime factors of c(5).
113
Suppose -8*b + 8655 = -8457. What are the prime factors of b?
3, 23, 31
Let z be 2*-6*52/(-16). Suppose -16 = 4*b, -1 = -4*r - 5*b + z. Let t = 31 - r. What are the prime factors of t?
2
Suppose -4*r + 150 = 5*o, 0 = 2*r - 3*o + 14 - 78. What are the prime factors of r?
5, 7
Suppose 5*j = j + 492. Suppose 2 = 3*z - 10. Suppose -z*n + 299 = j. List the prime factors of n.
2, 11
Suppose 4*g + 4*v - 4744 = 0, 5*g - 2*g + v = 3556. What are the prime factors of g?
3, 5, 79
Let p = 684 + -384. What are the prime factors of p?
2, 3, 5
Let n be (-414)/4 + 3/(-6). Let t = 314 - 163. Let h = n + t. List the prime factors of h.
47
Let h(q) = -76*q + 17. Let b be ((-3)/(-6)*3)/((-7)/14). What are the prime factors of h(b)?
5, 7
Let l(y) = y**3 - 6*y**2 + 3*y - 9. Let j(d) = d**2 + 4*d - 6. Let q(m) = -3*m + 12. Let r be q(6). Let u be j(r). List the prime factors of l(u).
3
Let s = -13 + 61. List the prime factors of 6/8 - (-3612)/s.
2, 19
Let z = 33 + -28. Suppose -5 = 5*h, -3*v + z*h = -v - 153. What are the prime factors of v?
2, 37
Let s(r) = -r**2 - 13*r + 3. Let c be s(-13). Suppose y = -